 4 + (0 - (-2)/6)*33. Let y(q) = q**2 - 14*q - 20. What is y(j)?
-5
Let c(a) = a**3 - a**2 + 2*a - 2. Let t be c(2). Let y(n) = -n**3 + 5*n**2 + 6*n + 4. What is y(t)?
4
Let w = -4 + 5. Let x(d) = -d**3 + 6*d**2 + 3*d. Let g(i) = i**2 - i - 1. Let h(s) = w*x(s) - 2*g(s). Let r be ((-10)/6)/((-3)/9). Determine h(r).
2
Suppose 3*r + 3*x = 2*x + 9, 4*x - 18 = -3*r. Let f(b) = -2*b + 1. What is f(r)?
-3
Let v(l) = 0*l + 5*l - l - 3 + 1. Give v(3).
10
Let w = 8 - 2. Let q be (-1)/2*2/(-1). Let c(n) = -w + 1 - q - n**2 - 4*n + 3. Determine c(-5).
-8
Let h be 6/45 - (-4)/(-30). Let o(b) = -b - 3. Let a be o(h). Let g(u) = 2*u**3 - u**2 - u + 11. Let c(r) = r**3 + 5. Let x(t) = -5*c(t) + 2*g(t). Give x(a).
12
Let z(q) = q**3 + 6*q**2 + 7*q - 2. Let u be ((-64)/12)/(-8)*15/(-2). What is z(u)?
-12
Let p(n) = -4*n - 5. Let x(j) = 9*j - 2. Let r(i) = -i + 1. Let q(c) = -6*r(c) - x(c). Let a(o) = 4*p(o) - 5*q(o). Calculate a(0).
0
Suppose 0 = -2*w + 6 - 0. Suppose -w*y - 1 = -4*y. Let g(r) = -5*r - 5 + r**3 + y + 2 + 2*r. Determine g(-2).
-4
Suppose -5*j - 22 - 8 = 0. Let a(m) = -11*m**3 + 6*m**2 - 9*m - 15. Let d(g) = -9*g**3 + 6*g**2 - 8*g - 14. Let q(i) = 5*a(i) - 6*d(i). Calculate q(j).
-9
Let m = 23 + -21. Let v(s) be the third derivative of s**m + 1/24*s**4 + 0*s - 1/2*s**3 + 0. Determine v(-4).
-7
Let r(u) be the second derivative of u**5/20 + u**4/12 + u**3/6 + u. Let k = -83 + 83. What is r(k)?
0
Let v(w) be the second derivative of -w**5/60 + 5*w**4/24 - w**3 - 4*w. Let r(u) be the second derivative of v(u). Determine r(6).
-7
Let u(m) = -9*m**3 + 5*m**2 + m + 1. Let k(h) = -17*h**3 + 11*h**2 + 2*h + 2. Let z(x) = 4*k(x) - 9*u(x). Determine z(-1).
-14
Let r(y) = y + 4 - 3 + 3 + 0. Let p(g) = -g**3 - 9*g**2 + 8*g - 23. Let c be p(-10). Determine r(c).
1
Let q be ((-2)/(-3) - 1)*-3. Let n(c) = 6*c**3 - c**2 + 6*c - 6. Let k(p) = p - 1. Let o = 4 + 2. Let f(b) = o*k(b) - n(b). Determine f(q).
-5
Suppose -15 = -o - 2*o. Let m(t) = 5*t**3 - 9*t**2 + 3*t + 7. Let r(w) = 9*w**3 - 17*w**2 + 5*w + 13. Let u(y) = 7*m(y) - 4*r(y). What is u(o)?
2
Let z(k) = -3*k + 4. Let a be ((-120)/96)/((-1)/(-4)). Determine z(a).
19
Let f = 10 - 5. Let q(g) = -g - 5 - f*g + 15*g - g**2 - 3*g. Calculate q(5).
0
Let o(m) be the first derivative of -m**2/2 + 2*m - 8. Determine o(2).
0
Let z(t) = -206 + 107 - 6*t + 102. Let o = -4 + 6. Give z(o).
-9
Suppose -p = -5*y - 25, -5*y + 1 = p - 4*y. Let u(x) = x**3 - 4*x**2 - 4*x - 1. Let o be u(5). Let h(s) = 1 + o*s - s - 9 + 2. Determine h(p).
9
Suppose 3*l = -1 + 10. Let z(p) be the first derivative of -1/2*p**2 - p + 1. Calculate z(l).
-4
Let w(i) = i**2 + 2*i + 1. Let t be w(-1). Let p(g) = 1 + 0*g + t*g + 2*g - 3*g + g**2. Let b be (2 - (5 - 2)) + 4. What is p(b)?
7
Suppose 0 = 2*h - w, -2*h + 0*w = -2*w - 4. Let o = -12 - -17. Let x(c) = 2*c - c**3 + 2*c**3 + o*c**2 - 2*c**2 - 2. What is x(h)?
-2
Let q(w) be the first derivative of w**2 - w - 5. Determine q(6).
11
Let m be -2*4/(-5 - -1). Suppose -v - 2*p + 9 = m*p, -v + 4*p - 15 = 0. Let k(f) be the third derivative of f**5/60 + f**4/24 - f**3/2 + f**2. Calculate k(v).
3
Let c(t) = 3*t**3 + t**2 - 12 + 11 + 2*t**2 - 2*t**2. Suppose -3*j + 4*x + 15 + 4 = 0, -3*j = -x - 7. Determine c(j).
3
Let d(j) = j**3 + 3*j**2 - 4*j + 3. Let f = 19 - 27. Let l be f - -3 - (1 + -2). Determine d(l).
3
Let p be (2/(-6))/((-4)/168). Suppose j - 3 = p. Suppose -2*i - 5*w + j = 0, 0 - 1 = -i - w. Let z(r) = -r**3 - 5*r**2 - r + 4. Calculate z(i).
-8
Let a(r) be the third derivative of r**4/12 - r**3/3 + 2*r**2. Let n(y) = y**2 - 4*y + 5. Let k be n(3). Calculate a(k).
2
Let r be (22/(-10) + 1)*(-30)/6. Let m(f) = f - 7. Calculate m(r).
-1
Suppose 4 = -g + 2*q - 3, -13 = -g - 2*q. Let p(m) = -m**2 + m - 2. Give p(g).
-8
Let g(v) = -2*v - 4 + 3*v - 2*v. Calculate g(-5).
1
Suppose -5*z = 10, 3*v + 0*v = 3*z. Suppose -30 = 5*o - 5*c, o + c + 4*c - 24 = 0. Let f be v*(-3 - -2)/o. Let i(a) = 2*a**3 + 3*a**2 + 2*a - 1. Determine i(f).
-9
Let l be (-11)/44 + (-18)/(-8). Let t be (-1)/(-4) + 14/8. Let w(r) = -r**2 + 3*r - 2. Let x(z) = -2*z**2 + 4*z - 2. Let u(k) = t*x(k) - 3*w(k). Calculate u(l).
-4
Let h(t) be the second derivative of t**4/12 - t**3/3 - 3*t**2/2 - t. Let k = 7 - 6. Let w = 4 - k. What is h(w)?
0
Let d(a) = a + 14. Let y be d(-15). Let v(m) = 3*m**3 + m**2 - 1. What is v(y)?
-3
Let v be (-1 + 0)*1*(4 - -2). Let a(m) = -m**2 - 13*m - 2. Let q(w) = -w**2 - 12*w - 2. Let j(y) = -4*a(y) + 5*q(y). Give j(v).
10
Let t(p) = -p**2 - 5*p + 6. Let z(i) = 2. Let b(h) = -1. Let q(m) = 3*b(m) + 2*z(m). Let x(f) = 5*q(f) - t(f). Give x(-5).
-1
Suppose 0 = 4*v + w - 31, -2*w + 3*w = -v + 4. Let s(r) = -r + 19 - 40 + v + 10. Determine s(5).
-7
Let f(r) = 1. Let q(m) = 4 - m - 5 - 1. Let n(w) = -12*f(w) - 4*q(w). Give n(4).
12
Suppose -9 = -2*u - 1. Let m(t) = t + 61 - 61. Give m(u).
4
Let s(d) = 0*d - 10 + 0*d - 2*d. Calculate s(-7).
4
Let f(u) be the second derivative of u**4/12 - u**3/6 - u. Suppose -x + 10 = 4*x. Determine f(x).
2
Let i = 1 + -6. Let s(p) = 4*p**2 - 10*p - 3. Let y(j) = 5*j**2 - 11*j - 4. Let d(m) = 6*s(m) - 5*y(m). Determine d(i).
2
Let q(r) be the third derivative of -r**8/6720 + r**5/60 - r**4/8 + 2*r**2. Let p(o) be the second derivative of q(o). Determine p(2).
-6
Let h(f) be the third derivative of -f**6/120 - f**5/15 + f**4/8 - 7*f**3/6 - f**2. Suppose j - 4*j = 3, 5*j = 5*t + 20. Determine h(t).
3
Let t = 0 + 5. Let v = 10 - t. Let j(c) = 6*c - v*c + 2 + 2. Determine j(-3).
1
Suppose -2*h + 11 = -3*h. Let b(w) = 6*w**3 - 19*w**2 - 5*w - 20. Let s(l) = l**3 - 4*l**2 - l - 4. Let z(q) = h*s(q) + 2*b(q). Determine z(-6).
-2
Suppose 3*a - 28 = -4*s, s + 4*a - 20 = -0*s. Let l(r) = 2 - r - 9 + 8. Calculate l(s).
-3
Let n(h) = 5*h + 4. Let b(c) = c - 1. Suppose 4*i - 6 = -2. Let l(s) = i*n(s) + 3*b(s). Let x be (-2)/5 - (-3)/(-5). Determine l(x).
-7
Let p(z) be the first derivative of 5 - z - 1/3*z**3 + 7/2*z**2. What is p(6)?
5
Let m(l) = 11*l - l**2 + 3*l - 5*l + l. Calculate m(7).
21
Let w(v) be the first derivative of -9*v**2/2 - v - 12. Give w(1).
-10
Let b(v) be the second derivative of -v**5/4 - v**4/12 + v**3/6 - v**2/2 + 2*v - 5. Let c be -1*(1 - 4 - -2). What is b(c)?
-6
Let y(q) = -q**2 - 4*q + 1. Let t be -1 - (0/(-2) - -3). Determine y(t).
1
Let g(s) = -s**2 - 4*s + 4. Suppose 4*p + 11 = 4*h - 3*h, -h - 25 = 5*p. Calculate g(p).
4
Suppose 0 = 5*m + 3*a + 14, -2*m + 3*a = -2*a + 18. Suppose 0 = -5*h + 9*h - 8. Let l(v) = -6*v**2 + v**2 - h*v - 5*v - v**3 + 6*v. Give l(m).
-12
Let c(s) = s**3 + 5*s**2 + 4*s + 3. Let q(l) = -l**3 - 7*l**2 + l + 3. Suppose -2*z = -z + 7. Let o be q(z). Calculate c(o).
3
Let d(w) be the first derivative of -w**2/2 + 13*w - 14. Calculate d(7).
6
Let k = 11 - 6. Let w = 12 - 6. Let p(l) = -l**2 + 6*l - 2. Let s(a) = a**2 - 6*a + 2. Let r(f) = w*p(f) + 5*s(f). Give r(k).
3
Let d = 0 + 5. Suppose 0*w = -d*w + 15. Let v(g) = -5*g**w + 7*g - 7*g - g**2. Give v(-1).
4
Let f(o) = -7*o**2 + 7*o + 7. Let w(s) = -6*s**2 + 6*s + 6. Let x(p) = 5*f(p) - 6*w(p). Suppose -5*u - 6 = -26. Let v be (-8)/2*2/u. What is x(v)?
5
Let i(s) be the first derivative of s**4/4 + s**3/3 - s**2 - s + 11. Calculate i(-3).
-13
Let j = -5 - -15. Suppose 0 = -5*t + 3*x + 26, j = 3*t - 5*x + 4. Let y(z) = -z + 1. What is y(t)?
-6
Let y(r) = 3 - 9*r - 4*r + 10*r + 10*r + r**2. Let m(x) = -x**3 + 7*x**2 - 6*x - 6. Let k be m(6). What is y(k)?
-3
Let p(b) = b**2 + b + 1. Suppose 0 = -5*t - 5, -4*f - 7 = -3*f + 4*t. Let r = f - -3. Calculate p(r).
1
Let s(u) = -3*u**3 - 30*u**2 - 2*u - 23. Let l be s(-10). Let g(t) = 2*t. What is g(l)?
-6
Let m(l) = 2*l**2 - 4. Let f be 6/(1*6/(-4)). Calculate m(f).
28
Let j(l) = l**3 - 3*l**2 + 3*l - 2. Suppose 0*b - 4 = -2*b. Let c be j(b). Let d(m) = m**2 + 2. Determine d(c).
2
Let o(r) be the first derivative of 3*r + 5 - 2 + r + r**2 - 3*r. Determine o(2).
5
Let j(f) be the first derivative of f**2/2 + 6*f + 7. Determine j(-10).
-4
Let n(u) be the second derivative of u**3/6 - u**2 + 7*u. What is n(3)?
1
Suppose 2*r = 7*r + 35. Let l = 4 + r. Let u(c) be the first derivative of c**2/2 - 3*c + 2. Give u(l).
-6
Let b(s) = 2*s + 2. Let q(g) = -g**3 + 3*g**2 + 5*g. Let m be q(4). Suppose 2*w = -p + 4, -m = -4*p - 5*w + w. What is b(p)?